f r?
2, 43
Let d(t) = 128*t**3 + 2*t - 8. Let k be d(2). Suppose -147*j = -151*j + k. What are the prime factors of j?
3, 5, 17
Suppose -1409 = -0*q + 5*q + 2*l, 3*l = -q - 287. Let j = 496 + q. Suppose 3*d - j = -3*s + s, 5*s - 4*d = 595. What are the prime factors of s?
5, 23
Let d(m) = -m**2 - 13*m - 8. Let s be d(-12). Suppose -s*l - 4*x = -5*l + 193, 565 = 3*l - 5*x. What are the prime factors of l?
5, 37
Let j(h) = 621*h - 462. What are the prime factors of j(21)?
3, 7, 599
Let s be 8 + 4736/(7 - 15). Let o = 245 - s. What are the prime factors of o?
829
Let b(w) be the second derivative of w**3/3 - 2*w**2 + 20*w. Let p(k) = 2*k - 4. Let i(q) = 6*b(q) - 4*p(q). List the prime factors of i(19).
2, 17
Let v = 1607 + 4317. What are the prime factors of v?
2, 1481
What are the prime factors of (5340/7)/(103/721)?
2, 3, 5, 89
Suppose -5*f - 5*f + 83260 = -5*f. List the prime factors of f.
2, 23, 181
Let n(k) = -439*k - 1221. List the prime factors of n(-14).
5, 197
List the prime factors of ((-181643)/66)/(-2*(-1)/(-12)).
7, 337
Suppose 47*g = -115831 + 416984 + 342277. What are the prime factors of g?
2, 5, 37
Suppose -5*p + b + 28200 = 0, -9*p - 2*b + 16920 = -6*p. List the prime factors of p.
2, 3, 5, 47
Let l = 3542 - -6805. List the prime factors of l.
3, 3449
Let k be (-4)/(-6) - (-4 - (-7)/(-21)). List the prime factors of 2 - (-953 + -2 + k).
2, 7, 17
Let m be -2 + (-485)/(-45) + 6/27. Let s(d) = -11*d + 26. Let f(h) = -16*h + 39. Let b(i) = 5*f(i) - 8*s(i). What are the prime factors of b(m)?
59
Let c = 20440 - 14218. What are the prime factors of c?
2, 3, 17, 61
Suppose -3*f - 2*x = -2597, 0 = -4*f + 3*x + 5254 - 1763. Suppose -n + 331 + f = 2*h, h + 5*n = 618. What are the prime factors of h?
2, 13, 23
Suppose 5630 = 212*w - 211*w + 5*y, 4*w + 5*y = 22610. List the prime factors of w.
2, 5, 283
Let f be (25*-3)/((-30)/50). Suppose -4*c + 113 = 5*k, -6*k + f = 5*c - 3*k. Suppose -19*l + c = -54. What are the prime factors of l?
2
Let b = 27 - 31. Let r be 50/b*(-7)/(-70)*-8. What are the prime factors of (-2)/r - (-351)/5?
2, 5, 7
Let h be (-16)/(-88) - 28*(-7)/11. Let q = 45 + h. Let f = 152 - q. What are the prime factors of f?
89
Suppose 0 = -4*c + 14*c - 70. Suppose 3*b - c*b - 3*l + 72 = 0, -l = b - 19. List the prime factors of b.
3, 5
Suppose -618*r + 548929 = -599*r. What are the prime factors of r?
167, 173
Suppose 33*k - 189 = 26*k. What are the prime factors of (28/42)/((-4)/(-298))*k?
3, 149
Let f be (-2)/(-2) + (27/3 - 7). Suppose 0 = -2*h + 4*h + f*p + 32, h + 30 = -5*p. Let q = h - -26. List the prime factors of q.
2
Suppose 0 = 4*a + 5*t - 29, -a + 3*a - 14 = -2*t. Let y(d) = 9*d + 18. Let c(j) = 10*j + 18. Let z(l) = -2*c(l) + 3*y(l). What are the prime factors of z(a)?
2, 3, 5
Let l = 284 - 4. Let q = l - -335. What are the prime factors of q?
3, 5, 41
Let c(m) = -m**2 + 3*m + 20. Let z be c(5). Suppose -741 + 71 = -z*u. List the prime factors of u.
67
Let j = -920 - -950. List the prime factors of 6724*((-9)/(-68) + j/255).
41
Suppose -f - 4*f + 35 = 0. Suppose 494 = 4*h + 3*z, -3*h + f + 366 = z. Let s = h + -71. What are the prime factors of s?
2, 3
Let f(q) = q + 19. Let r(u) = -u - 38. Let l(m) = -7*f(m) - 4*r(m). Let c(j) = -j**2 - 12*j + 24. Let k be c(-15). What are the prime factors of l(k)?
2, 41
Let g(t) = t**3 + 24*t**2 + 23*t + 44. Suppose -5*p = -2 - 3. Suppose -14*q - 323 = -p. List the prime factors of g(q).
2, 11
Let h = -205 - -326. Suppose t - 45 = h. What are the prime factors of t?
2, 83
Suppose -3*g - 7 = -5*q, q - 1 + 5 = 0. Let t(a) = -3*a + 14. Let k be t(g). Let w = k - -234. List the prime factors of w.
5, 11
Suppose 38*w = 6*w + 54304. Let d = w + -1033. List the prime factors of d.
2, 83
Let x(d) = -10*d**3 - 28*d**2 - 8*d - 446. List the prime factors of x(-14).
2, 3, 1201
Let w(h) = -57*h - 44. Let j(k) = k + 1. Let s(f) = 167*f + 130. Let a(y) = -3*j(y) - s(y). Let n(v) = -2*a(v) + 7*w(v). What are the prime factors of n(-5)?
11, 23
Let d = -1695 - -728. Let h = 1853 + d. What are the prime factors of h?
2, 443
Suppose n = 16*n + 7575. Let w = n + 871. List the prime factors of w.
2, 3, 61
Let k(j) = j**3 + 4*j**2 - 6*j + 6. Let y be k(-5). Suppose 0 = y*c - 13*c - 4. List the prime factors of c + (92 - 2 - 1).
3, 29
Suppose 1199293 - 67099 = 117*j - 75*j. What are the prime factors of j?
7, 3851
Let y = 4015 - 2571. Let a = y - 822. What are the prime factors of a?
2, 311
Suppose -2*a + 137131 = 5*l, 3*l + 119328 = 4*a - 154869. List the prime factors of a.
3, 2539
List the prime factors of (-6624)/20*(-4715)/164.
2, 3, 23
Suppose n - 8*n + 35 = 0. Suppose -n*s - 414 = 4*m - 2865, 4*s = -20. What are the prime factors of m?
619
Let p = -800 - -3114. Let t be (822/54 - 2) + 4/(-18). Suppose -t*o - 793 + p = 0. What are the prime factors of o?
3, 13
Let n be 312/91 - 28/(-49). What are the prime factors of (88/(-10) + n)/((-2)/25)?
2, 3, 5
Suppose 3*d - 67762 = o, -o - 27437 = -2*d + 17740. List the prime factors of d.
5, 4517
Let p = -80061 + 115023. What are the prime factors of p?
2, 3, 5827
Let p(v) = 6*v + 37. Let j be p(-7). Let w(m) = 3*m**2 + 11. Let l be w(j). Let a = l + 73. List the prime factors of a.
3, 53
Suppose -p - k = 4*k - 3371, -3*k = -3*p + 10113. List the prime factors of p.
3371
Suppose 271919 + 461919 = 46*k. List the prime factors of k.
7, 43, 53
List the prime factors of (-18)/(-24) - 235487/(-28) - -1.
2, 3, 701
What are the prime factors of (-2 - (-172397)/34)/(3/4)?
2, 31, 109
Let v(u) = 7*u**3 + u**2 + 10*u - 17. Let p be v(6). Suppose -p = -16*c + 377. List the prime factors of c.
3, 41
Let z(a) = 4*a**2 + 3*a + 48. Let t be z(-16). List the prime factors of t/6*(-135)/(-60).
2, 3
Suppose n + 15006 = 3*h - 1635, 4*h - 22172 = 4*n. List the prime factors of h.
31, 179
Suppose 16*g = 18*g - 10, 0 = 3*u - g - 337. Suppose 16 = -0*j + 3*j - 5*d, -18 = -5*j + 4*d. Suppose 238 = j*k - u. List the prime factors of k.
2, 11
Suppose -4227*h - 11402 = -4229*h. List the prime factors of h.
5701
Let s = 135 - 129. Suppose 4365 + 993 = s*u. What are the prime factors of u?
19, 47
Let d be (-100)/(-15)*(-4 + 7) + -3. Suppose 1856 + 2207 = d*n. List the prime factors of n.
239
Let v = 34066 + -15452. List the prime factors of v.
2, 41, 227
Let s(t) = -t**3 + 14*t**2 - t + 3. Let n be s(15). List the prime factors of (7/1)/((-3)/n).
7, 79
Suppose 0*c - 2*c - 5*k = -9297, -4*k = 5*c - 23217. What are the prime factors of c?
3, 7, 13, 17
Let l = 43 - 48. Let q(d) = -15*d**2 - 7*d - 5. Let n be q(l). Let b = 485 + n. What are the prime factors of b?
2, 5, 7
Let h be 24/56*7 - -624. Let s = -347 + h. List the prime factors of s.
2, 5, 7
Let w(u) = -106*u - 258. Let z be w(-26). Suppose 913 = p - 3*s, 229 = 3*p - 5*s - z. What are the prime factors of p?
2, 113
Let y = -61906 + 106239. What are the prime factors of y?
43, 1031
Let w = 283 - -4570. List the prime factors of w.
23, 211
Suppose 0 = -5*k + n + 15, -19*n + 22*n + 17 = k. Suppose 2*g + 736 = 4*s, -s - 4*s + k*g + 919 = 0. What are the prime factors of s?
3, 61
Let j = 536 - 286. Suppose 6*i + j = 1936. What are the prime factors of i?
281
Suppose 0 = -92*a + 578655 + 1513425. What are the prime factors of a?
2, 3, 5, 379
Suppose 3*z - 4*w + 0*w - 64 = 0, z + 3*w = 4. Suppose -z - 14 = -6*n. Suppose -541 = -n*c + 134. What are the prime factors of c?
3, 5
Let h(d) = 3*d**2 + 3*d + 63. Suppose -19*t + 53 = -213. What are the prime factors of h(t)?
3, 7, 11
List the prime factors of (-218 - -226) + -18*-24*18.
2, 7, 139
Let c be (0 - (6 - 8))*231/2. Suppose 341 = 2*o - c. List the prime factors of o.
2, 11, 13
Let k(c) = -51*c - 14. Let v be k(22). Let p = 1906 + v. What are the prime factors of p?
2, 5, 7, 11
Let z(w) = 50*w**2 + 15*w - 32. What are the prime factors of z(-11)?
3, 1951
Let h be 3*-19*(-2 + 16/12). Let x = h + -36. Suppose 0 = -3*m + 6, -5*u + 4*m + 61 = -x*u. What are the prime factors of u?
23
Let d be (-3)/((-9)/75) - -4. Let w = d - 25. Suppose 2*p - 10 = 0, 3*p - 419 = -4*n + w*p. What are the prime factors of n?
2, 53
Suppose 0 = 14*r - 433136 - 388000 + 173062. List the prime factors of r.
7, 17, 389
Suppose -3*b - 12 = r + 7, 0 = 5*r + 2*b + 56. What are the prime factors of ((1505/r)/(-